prime factors of (7 - (6 - x))*2?
2
Let g(m) be the first derivative of m**4/12 - m**3/3 - 14*m**2 + 12*m + 13. Let x(p) be the first derivative of g(p). What are the prime factors of x(15)?
167
Suppose 2*k - 2*b - 8 = 0, 0 = 3*k + 2*k + 3*b - 28. What are the prime factors of 138 - (22/k - 20/50)?
2, 67
Let u(c) be the second derivative of -305*c**3/6 - 53*c**2/2 + 2*c - 39. What are the prime factors of u(-4)?
3, 389
Let k(f) be the second derivative of -f**4/12 + f**3/2 + 31*f**2/2 + 7*f. Let n be 4/(-8*1) + (-4)/(-8). List the prime factors of k(n).
31
Let i = 2646 + -2595. What are the prime factors of i?
3, 17
Let x be (-198)/(-1) - (-17 - -12). Let l = x - -95. List the prime factors of l.
2, 149
Suppose -5*o = x - 2314, -4*o = -4*x + 3*x + 2341. Suppose x + 2711 = 8*k. What are the prime factors of k?
2, 3, 5, 7
List the prime factors of ((-70)/(-25))/(-2) + 2 - 4367283/(-95).
2, 3, 1277
Let g(k) = 4*k - 7. Let q = 44 - 34. Suppose 0 = -2*x + 2 + 2, -2*f = -3*x - q. What are the prime factors of g(f)?
5
List the prime factors of 6/9 - 4*(-9967)/12.
3323
Let i be ((-16)/(-3) + 0)*(-115 - -118). Suppose 19*y - i*y - 1272 = 0. What are the prime factors of y?
2, 53
Let z(q) be the first derivative of 5*q**3/3 + q**2 - q + 3. Let g be z(1). Suppose 18 = g*h - 3*h. What are the prime factors of h?
2, 3
Let f(q) = 37*q - 3. Let w be f(-1). Let p = w + 215. Let n = 437 - p. What are the prime factors of n?
2, 131
Let g be ((-21825)/27)/((-2)/6). Suppose 37*b + 5*d = 34*b + g, b = 2*d + 790. What are the prime factors of b?
2, 5
Let f(q) = 4*q**3 - 10*q**2 + q - 222. List the prime factors of f(12).
2, 3, 877
List the prime factors of (-20765682)/(-696) + (-3)/(-24)*-6.
3, 5, 13, 17
Let b be (-2)/(-4)*2 + (-5)/5. Suppose 5*o - 3*o = -8, -4*t + 4*o + 616 = b. List the prime factors of (1 + t)*3/3.
151
Let y = 64 + -51. Suppose -y = 2*a - 17. Suppose 355 = 3*i - 8*n + 3*n, -3*n = -a*i + 238. List the prime factors of i.
5
Let u be (-2265)/2*(-44 - -42). Suppose 30*w - 1005 = u. List the prime factors of w.
109
Suppose -18*k + 15*k = -4*b + 595, k = 3. Suppose b = 2*w - 765. What are the prime factors of w?
2, 229
Let v(a) = -a + 7. Let b be v(4). Suppose -j = -2, 2*s - 4*j = b*s - 6. List the prime factors of s/8 - 987/(-28).
5, 7
Suppose 0 = 4*z + 35 - 15. Let s = -6961 + 6957. List the prime factors of 87 + ((-1)/(-1))/(z - s).
2, 43
Let z(g) = 2*g**3 - 30*g**2 - 6*g - 694. What are the prime factors of z(31)?
2, 1867
Let w = -115 + 118. Suppose 0 = -l + 13*x - 9*x + 382, w*x + 1110 = 3*l. What are the prime factors of l?
2, 3, 61
Let m = 13180 + -2041. List the prime factors of m.
3, 47, 79
Let q = 18061 - 8247. List the prime factors of q.
2, 7, 701
Suppose 0 = 14*t - 114 - 68. Let b(u) = u**3 - 13*u**2 + 2*u - 15. Let d be b(t). List the prime factors of 348/1*d/22.
2, 3, 29
Let x(z) = 14*z**3 - 2*z**2 - 10*z + 7. Let v be x(4). Let y = 1193 - v. List the prime factors of y.
2, 181
Let a(p) = p**3 + 3*p**2 - 3*p - 37. Let k be a(5). Suppose -150*v + 2500 = -k*v. List the prime factors of v.
2, 5
Let x = 3234 - -20287. List the prime factors of x.
43, 547
Suppose 4*h + 1773 = 9465. What are the prime factors of h?
3, 641
Suppose 69*d + 290263 - 2377168 = 0. What are the prime factors of d?
5, 23, 263
Let t(l) = 10*l**2 - 79 + l + 38 + 38. List the prime factors of t(2).
3, 13
Let h(l) = l**3 + 6*l**2 - 10*l + 1. Let a(z) = 9*z**2 + z. Let m be a(-1). Suppose -3*n = -12, -4*j - m = 5*n - 0. What are the prime factors of h(j)?
2, 11
Let a = 279 + -105. Suppose 3*b = -21 + a. Suppose 0 = 5*n - 4*w - 225, 0*n + 2*w + b = n. What are the prime factors of n?
41
Suppose 27*c + 69642 = 36*c. What are the prime factors of c?
2, 53, 73
Suppose 2*d + 3*f = 70468, 17*f - 16 = 19*f. List the prime factors of d.
2, 17623
Let q(p) = -21*p + 310. Let f = 71 + -71. What are the prime factors of q(f)?
2, 5, 31
Suppose -3*k = 2*r - 23986, -5*r - 20801 = -3*k + 3150. Suppose -9*v + 9351 = -k. List the prime factors of v.
41, 47
Let g = 24222 + -16125. List the prime factors of g.
3, 2699
Let l = -418 + 1986. Suppose 5*v - 3*h = 2967, 0 = -5*v - 5*h + l + 1367. List the prime factors of v.
3, 197
What are the prime factors of 10776*5/50*10?
2, 3, 449
Let s(j) = -j**3 - 7*j**2 - 6*j + 1. Let k be s(-6). Let b be k/(-10)*-5 + (-555)/(-6). Suppose 0 = 13*f + b - 808. List the prime factors of f.
5, 11
Let c(o) = -o**3 + 7*o**2 + 7*o + 12. Let s be c(8). Suppose 3*i + s*y + 5 = -9, 0 = i - 4*y + 10. List the prime factors of -498*(3 + -2 + 8/i).
2, 83
Let f be -6*(-1)/(0 - -1). Suppose 9*n = f*n + 84. Let a = 64 - n. What are the prime factors of a?
2, 3
Let d(w) = 8*w**2 - 5*w - 9. Let v(h) = h**2 - h + 1. Let l(k) = d(k) - 5*v(k). Let j be l(-10). Let t = j + -56. What are the prime factors of t?
2, 5, 23
Let g = 152 + -162. List the prime factors of (22074/g)/(-3) + 33/165.
2, 23
Let p = -4 + 86. Let c = p - -27. Suppose -2*b - 5*k + 84 = -75, 2*b = 5*k + c. What are the prime factors of b?
67
Let b(l) = 37*l**2 - 183*l - 2145. What are the prime factors of b(-11)?
5, 11, 79
Let c = -183 - -173. What are the prime factors of ((-695)/c)/(5/90)?
3, 139
Let a(v) = 7*v**3 + 5*v**2 + 9*v - 42. Let z(j) = -3*j**3 - 3*j**2 - 4*j + 22. Let s(x) = 2*a(x) + 5*z(x). List the prime factors of s(-12).
2, 23
Suppose -r - 3*h = -4660, -5*r + 9446 = 2*h - 13815. Suppose -8*f + 11*f + 4*k - r = 0, 4*f - 6196 = -4*k. List the prime factors of f.
3, 5, 103
Suppose -34*i + 20904 = -10*i. Let y = 592 + i. What are the prime factors of y?
7, 11, 19
Let q be -1*0*(3/(-2))/(-3). Suppose q = -4*v - 0*v - v. Let g = 32 + v. List the prime factors of g.
2
Suppose 11 = -4*t + 3. Let r(f) = 50*f**3 - 6*f**2 + 6*f + 10. Let m(c) = -10*c**3 + c**2 - c - 2. Let g(q) = 11*m(q) + 2*r(q). List the prime factors of g(t).
2, 3
Suppose 591*v + 9414416 = 767*v. List the prime factors of v.
149, 359
Suppose 39*s = 168316 + 52424. List the prime factors of s.
2, 5, 283
Let n = -12200 + 18264. What are the prime factors of n?
2, 379
Let t be 3 + -2 + 0/(-2). What are the prime factors of 35768/(-170)*(t/(-2) + -2)?
2, 263
Let x(g) = g**3 - 15*g**2 + 2*g - 27. Let v be x(15). Let t be 470 + 1 + v + -2. Suppose 4*y + t = 8*y. What are the prime factors of y?
2, 59
Let k be (-7 - 12/(-2)) + 6. Suppose k*q + 5*o = 4400, 0 = -4*q + o + 3758 - 218. List the prime factors of q.
2, 13, 17
Let k be (-86)/8 - (-6)/8. Let h(w) = 4*w**2 - 2*w**2 + 17 + 14*w - 43 - 1. What are the prime factors of h(k)?
3, 11
Let m(s) = -10*s**3 + 10*s**2 + 7*s - 37. List the prime factors of m(-9).
2, 5
Let l = 5883 - -28406. List the prime factors of l.
17, 2017
Let v = -215 + 375. Suppose 7*l - 4*n = 4*l + 127, -4*l = -3*n - v. List the prime factors of l.
37
Let h = 4546 + 10516. List the prime factors of h.
2, 17, 443
Suppose -2*h + 6*h + u = 1277, -3*h - 4*u = -948. Let n = 96 + h. List the prime factors of n.
2, 13
Suppose -2985 = 6*d - 21*d. Suppose d = 4*o + 2*t + 3*t, 265 = 5*o + 3*t. What are the prime factors of o?
2, 7
Let v(j) = 7*j**3 + 2*j**2 + 11*j - 42. Let d be v(3). Suppose -4060 = -203*w + d*w. What are the prime factors of w?
2, 7, 29
Suppose y - 3*g = 1059, 5*g = 3*y - 1769 - 1396. Suppose 9*r - 7*r = -2*z + 522, -4*r + 2*z = -y. List the prime factors of r.
2, 131
List the prime factors of ((-66)/(-11) - -1426) + 5.
3, 479
What are the prime factors of ((-12)/15)/(-2)*(-3315390)/(-156)?
8501
Let y(k) = 20*k**2 + 55*k + 132. What are the prime factors of y(-51)?
3, 5483
Let b(q) = 2*q**3 + q**2 - 2*q + 1. Let g be b(3). Suppose 2*y = 4*y - g. List the prime factors of y.
29
Let n be (-40)/(-220) + (-53)/(-11). Suppose 2*o - o - 9 = -2*l, 0 = -n*o + 3*l + 32. Suppose 3*a - 1320 = -o*a. List the prime factors of a.
2, 3, 11
Let c(k) = -2*k**3 - 14*k**2 + 94*k + 804. What are the prime factors of c(-22)?
2, 1657
Suppose -18 = -3*c, -1958*d - 5*c + 55104 = -1956*d. List the prime factors of d.
3, 67, 137
Let m = -52 - -53. Let q be (m/1)/(4*(-4)/(-1072)). Let s = q - 35. What are the prime factors of s?
2
Suppose -3*a + 48 = 33. Suppose -h + a + 279 = 0. What are the prime factors of h?
2, 71
Suppose 2*g + 39944 = -25*m + 28*m, -26631 = -2*m + 3*g. List the prime factors of m.
2, 3, 7, 317
List the prime facto